{"id":6273,"date":"2025-07-17T17:04:55","date_gmt":"2025-07-17T15:04:55","guid":{"rendered":"https:\/\/bemiva.it\/collections\/?post_type=product&#038;p=6273"},"modified":"2025-07-17T17:04:55","modified_gmt":"2025-07-17T15:04:55","slug":"vellus-plus-raf","status":"publish","type":"product","link":"https:\/\/bemiva.it\/collections\/prodotto\/vellus-plus-raf\/","title":{"rendered":"Vellus Plus raf"},"content":{"rendered":"","protected":false},"excerpt":{"rendered":"<div class=\"textDescription\">BENESSERE DEGLI ANIMALI &#8211; TRACCIABILITA&#8217; DEL PRODOTTO &#8211; FIBRE ANIMALI DA ALLEVAMENTI ETICI. La nuova famiglia di filati VELLUS sono pensati per una maglieria leggera e comfort su finezza 3 &#8211; 12 dal peso piuma e dalla coloritura importante che spazia dai classici melange ai toni pi\u00f9 di moda. Morbido e piacevole garzato in Lana Merino Extrafine dall\u2019aspetto infeltrito in titolo sottilissimo, adatto a tutti i punti maglia o lavorazioni. Se lavorato a pi\u00f9 fili sulle finezze maggiori si esalta la leggerezza e la sofficit\u00e0 della morbida lana come un leggero soffilo. Possibilit\u00e0 di colori uniti anche a campione su richiesta dei clienti grazie alla versione VELLUS TINCTUS. VELLUS PLUS nuova versione con coloritura fantasiosa e multicolor, perfetta sia per capi sportivi, che eleganti, da usare su finezza 5. Possibile in coordinato con i grossi OVIUM dagli stessi colori.<\/div>\n<p><button class=\"downloadInfo downloadInfo-cartellaColore\"><a href=\"https:\/\/www.bemiva.it\/catalogo\/cartelle_colore\/stock27_vellusplusnm5_cc.pdf\" target=\"_blank\" rel=\"noopener\">Scarica Cartella Colori<\/a><\/button><button class=\"downloadInfo downloadInfo-schedaTecnica\"><a href=\"https:\/\/www.bemiva.it\/catalogo\/schede_tecniche\/stock27_vellusplusnm5_tec.pdf\" target=\"_blank\" rel=\"noopener\">Scarica Scheda Tecnica<\/a><\/button><button class=\"richiediInfo\"><a href=\"mailto:bemiva@bemiva.it\" target=\"_blank\" rel=\"noopener\">Richiedi Informazioni<\/a><\/button><\/p>\n","protected":false},"featured_media":6641,"comment_status":"closed","ping_status":"closed","template":"","meta":[],"product_brand":[],"product_cat":[446],"product_tag":[],"class_list":{"0":"post-6273","1":"product","2":"type-product","3":"status-publish","4":"has-post-thumbnail","6":"product_cat-winter-26-27","7":"pa_certificazioni-rws","8":"pa_composizione-lana","9":"pa_composizione-nylon","10":"pa_finezza-101","11":"pa_stagione-winter-26-27","12":"pa_titolo-nm-5","13":"pa_titolo-range-4-10","15":"first","16":"instock","17":"shipping-taxable","18":"product-type-simple"},"_links":{"self":[{"href":"https:\/\/bemiva.it\/collections\/wp-json\/wp\/v2\/product\/6273","targetHints":{"allow":["GET"]}}],"collection":[{"href":"https:\/\/bemiva.it\/collections\/wp-json\/wp\/v2\/product"}],"about":[{"href":"https:\/\/bemiva.it\/collections\/wp-json\/wp\/v2\/types\/product"}],"replies":[{"embeddable":true,"href":"https:\/\/bemiva.it\/collections\/wp-json\/wp\/v2\/comments?post=6273"}],"wp:featuredmedia":[{"embeddable":true,"href":"https:\/\/bemiva.it\/collections\/wp-json\/wp\/v2\/media\/6641"}],"wp:attachment":[{"href":"https:\/\/bemiva.it\/collections\/wp-json\/wp\/v2\/media?parent=6273"}],"wp:term":[{"taxonomy":"product_brand","embeddable":true,"href":"https:\/\/bemiva.it\/collections\/wp-json\/wp\/v2\/product_brand?post=6273"},{"taxonomy":"product_cat","embeddable":true,"href":"https:\/\/bemiva.it\/collections\/wp-json\/wp\/v2\/product_cat?post=6273"},{"taxonomy":"product_tag","embeddable":true,"href":"https:\/\/bemiva.it\/collections\/wp-json\/wp\/v2\/product_tag?post=6273"}],"curies":[{"name":"wp","href":"https:\/\/api.w.org\/{rel}","templated":true}]}}