{"id":4713,"date":"2024-07-01T12:00:28","date_gmt":"2024-07-01T10:00:28","guid":{"rendered":"https:\/\/bemiva.it\/collections\/prodotto\/priscilla-top\/"},"modified":"2025-07-18T16:04:13","modified_gmt":"2025-07-18T14:04:13","slug":"priscilla-top","status":"publish","type":"product","link":"https:\/\/bemiva.it\/collections\/prodotto\/priscilla-top\/","title":{"rendered":"Priscilla Top"},"content":{"rendered":"<p>83%Viscosa Lucida FSC 17%Poliestere Rigenerato (P.B.T.)<\/p>\n","protected":false},"excerpt":{"rendered":"<div class=\"textDescription\">Filo elegante finissimo ed elasticizzato per finezze 14 &#8211; 16. Viscosa lucida bava continua ed elit\u00e8 in pi\u00f9 alta percentuale permettono performance di gradevole elasticit\u00e0 comfort per capi sempre attuali, leggerissimi in colori brillanti come una seta cangiante. Adesso anche in una versione 100% ecosostenibile con viscosa FSC e poliestere rigenerato.<\/div>\n<p><button class=\"downloadInfo downloadInfo-cartellaColore\"><a href=\"https:\/\/www.bemiva.it\/catalogo\/cartelle_colore\/stock27_priscillanm34_cc.pdf\" target=\"_blank\" rel=\"noopener\">Scarica Cartella Colori<\/a><\/button><button class=\"downloadInfo downloadInfo-schedaTecnica\"><a href=\"https:\/\/www.bemiva.it\/catalogo\/schede_tecniche\/stock27_priscillanm34_TOP_tec.pdf\" target=\"_blank\" rel=\"noopener\">Scarica Scheda Tecnica<\/a><\/button><button class=\"richiediInfo\"><a href=\"mailto:bemiva@bemiva.it\" target=\"_blank\" rel=\"noopener\">Richiedi Informazioni<\/a><\/button><\/p>\n","protected":false},"featured_media":4651,"comment_status":"closed","ping_status":"closed","template":"","meta":[],"product_brand":[],"product_cat":[446],"product_tag":[426],"class_list":{"0":"post-4713","1":"product","2":"type-product","3":"status-publish","4":"has-post-thumbnail","6":"product_cat-winter-26-27","7":"product_tag-top","8":"pa_certificazioni-fsc","9":"pa_certificazioni-rcs-blended","10":"pa_composizione-poliestere","11":"pa_composizione-viscosa","12":"pa_finezza-112","13":"pa_finezza-107","14":"pa_stagione-winter-26-27","15":"pa_titolo-nm-34","16":"pa_titolo-range-106","18":"first","19":"instock","20":"product-type-simple"},"_links":{"self":[{"href":"https:\/\/bemiva.it\/collections\/wp-json\/wp\/v2\/product\/4713","targetHints":{"allow":["GET"]}}],"collection":[{"href":"https:\/\/bemiva.it\/collections\/wp-json\/wp\/v2\/product"}],"about":[{"href":"https:\/\/bemiva.it\/collections\/wp-json\/wp\/v2\/types\/product"}],"replies":[{"embeddable":true,"href":"https:\/\/bemiva.it\/collections\/wp-json\/wp\/v2\/comments?post=4713"}],"wp:featuredmedia":[{"embeddable":true,"href":"https:\/\/bemiva.it\/collections\/wp-json\/wp\/v2\/media\/4651"}],"wp:attachment":[{"href":"https:\/\/bemiva.it\/collections\/wp-json\/wp\/v2\/media?parent=4713"}],"wp:term":[{"taxonomy":"product_brand","embeddable":true,"href":"https:\/\/bemiva.it\/collections\/wp-json\/wp\/v2\/product_brand?post=4713"},{"taxonomy":"product_cat","embeddable":true,"href":"https:\/\/bemiva.it\/collections\/wp-json\/wp\/v2\/product_cat?post=4713"},{"taxonomy":"product_tag","embeddable":true,"href":"https:\/\/bemiva.it\/collections\/wp-json\/wp\/v2\/product_tag?post=4713"}],"curies":[{"name":"wp","href":"https:\/\/api.w.org\/{rel}","templated":true}]}}