{"id":3038,"date":"2024-01-12T16:42:15","date_gmt":"2024-01-12T15:42:15","guid":{"rendered":"https:\/\/bemiva.it\/collections\/prodotto\/film-2\/"},"modified":"2025-01-31T14:32:42","modified_gmt":"2025-01-31T13:32:42","slug":"film-2","status":"publish","type":"product","link":"https:\/\/bemiva.it\/collections\/prodotto\/film-2\/","title":{"rendered":"Film"},"content":{"rendered":"<p>100% Nylon<\/p>\n","protected":false},"excerpt":{"rendered":"<div class=\"textDescription\">Filato pensato per trasportare il concetto di trasparenza e struttura di rete rigida su pi\u00f9 finezze. Creato a corredo del famosissimo CELLULOIDE a Stock Service, ne sfrutta le propriet\u00e0 e pu\u00f2 essere impiegato sulle finezze superiori quali 3 &#8211; 5 &#8211; 7. Con FILM si possono creare effetti trasparenti e tarmati accompagnando filati pi\u00f9 grossi, permettendo di ricreare l&#8217;effetto molto ricercato di trasparenza e leggerezza come fossero pi\u00f9 capi di Celluloide lavorati insieme sulla macchina.<\/div>\n<p><button class=\"downloadInfo downloadInfo-cartellaColore\"><a href=\"https:\/\/www.bemiva.it\/catalogo\/cartelle_colore\/stock26_filmnm14_cc.pdf\" target=\"_blank\" rel=\"noopener\">Scarica Cartella Colori<\/a><\/button><button class=\"downloadInfo downloadInfo-schedaTecnica\"><a href=\"https:\/\/www.bemiva.it\/catalogo\/schede_tecniche\/stock26_filmnm14_tec.pdf\" target=\"_blank\" rel=\"noopener\">Scarica Scheda Tecnica<\/a><\/button><button class=\"richiediInfo\"><a href=\"mailto:bemiva@bemiva.it\" target=\"_blank\" rel=\"noopener\">Richiedi Informazioni<\/a><\/button><\/p>\n","protected":false},"featured_media":5176,"comment_status":"closed","ping_status":"closed","template":"","meta":[],"product_brand":[],"product_cat":[37],"product_tag":[],"class_list":{"0":"post-3038","1":"product","2":"type-product","3":"status-publish","4":"has-post-thumbnail","6":"product_cat-stock-service","7":"pa_composizione-nylon","8":"pa_finezza-39","9":"pa_finezza-101","10":"pa_finezza-144","11":"pa_stagione-stock-service","12":"pa_titolo-nm-14","14":"first","15":"instock","16":"product-type-simple"},"_links":{"self":[{"href":"https:\/\/bemiva.it\/collections\/wp-json\/wp\/v2\/product\/3038","targetHints":{"allow":["GET"]}}],"collection":[{"href":"https:\/\/bemiva.it\/collections\/wp-json\/wp\/v2\/product"}],"about":[{"href":"https:\/\/bemiva.it\/collections\/wp-json\/wp\/v2\/types\/product"}],"replies":[{"embeddable":true,"href":"https:\/\/bemiva.it\/collections\/wp-json\/wp\/v2\/comments?post=3038"}],"wp:featuredmedia":[{"embeddable":true,"href":"https:\/\/bemiva.it\/collections\/wp-json\/wp\/v2\/media\/5176"}],"wp:attachment":[{"href":"https:\/\/bemiva.it\/collections\/wp-json\/wp\/v2\/media?parent=3038"}],"wp:term":[{"taxonomy":"product_brand","embeddable":true,"href":"https:\/\/bemiva.it\/collections\/wp-json\/wp\/v2\/product_brand?post=3038"},{"taxonomy":"product_cat","embeddable":true,"href":"https:\/\/bemiva.it\/collections\/wp-json\/wp\/v2\/product_cat?post=3038"},{"taxonomy":"product_tag","embeddable":true,"href":"https:\/\/bemiva.it\/collections\/wp-json\/wp\/v2\/product_tag?post=3038"}],"curies":[{"name":"wp","href":"https:\/\/api.w.org\/{rel}","templated":true}]}}