{"id":1712,"date":"2023-07-12T14:21:32","date_gmt":"2023-07-12T14:21:32","guid":{"rendered":"https:\/\/bemiva.urbanstudiosdemo.com\/prodotto\/fune\/"},"modified":"2025-07-17T17:22:34","modified_gmt":"2025-07-17T15:22:34","slug":"fune","status":"publish","type":"product","link":"https:\/\/bemiva.it\/collections\/prodotto\/fune\/","title":{"rendered":"Fune"},"content":{"rendered":"<p>Pura Lana Merino Extrafine<\/p>\n","protected":false},"excerpt":{"rendered":"<div class=\"textDescription\">Un intreccio di fili, leggero e rotondo in pura lana merino per una maglia dal gusto del \u201cfatta a mano\u201d dove l\u2019artigianalit\u00e0 viene scolpita ed esaltata con giochi di punti operati e aperti. CROCHET dalla mano pi\u00f9 sostenuta e dal gusto artigianale e sportivo e il FUNE in pregiata lana extrafine pi\u00f9 morbida e dolce, perfetto per finezza 3 e punti perfetti e scolpiti.<\/div>\n<p><button class=\"downloadInfo downloadInfo-cartellaColore\"><a href=\"https:\/\/www.bemiva.it\/catalogo\/cartelle_colore\/winter27_funenm13_cc.pdf\" target=\"_blank\" rel=\"noopener\">Scarica Cartella Colori<\/a><\/button><button class=\"downloadInfo downloadInfo-schedaTecnica\"><a href=\"https:\/\/www.bemiva.it\/catalogo\/schede_tecniche\/winter27_funenm13_tec.pdf\" target=\"_blank\" rel=\"noopener\">Scarica Scheda Tecnica<\/a><\/button><button class=\"richiediInfo\"><a href=\"mailto:bemiva@bemiva.it\" target=\"_blank\" rel=\"noopener\">Richiedi Informazioni<\/a><\/button><\/p>\n","protected":false},"featured_media":6651,"comment_status":"closed","ping_status":"closed","template":"","meta":[],"product_brand":[],"product_cat":[446],"product_tag":[],"class_list":{"0":"post-1712","1":"product","2":"type-product","3":"status-publish","4":"has-post-thumbnail","6":"product_cat-winter-26-27","7":"pa_certificazioni-rws","8":"pa_composizione-lana","9":"pa_finezza-39","10":"pa_stagione-winter-26-27","11":"pa_titolo-nm-13","12":"pa_titolo-range-100","14":"first","15":"instock","16":"product-type-simple"},"_links":{"self":[{"href":"https:\/\/bemiva.it\/collections\/wp-json\/wp\/v2\/product\/1712","targetHints":{"allow":["GET"]}}],"collection":[{"href":"https:\/\/bemiva.it\/collections\/wp-json\/wp\/v2\/product"}],"about":[{"href":"https:\/\/bemiva.it\/collections\/wp-json\/wp\/v2\/types\/product"}],"replies":[{"embeddable":true,"href":"https:\/\/bemiva.it\/collections\/wp-json\/wp\/v2\/comments?post=1712"}],"wp:featuredmedia":[{"embeddable":true,"href":"https:\/\/bemiva.it\/collections\/wp-json\/wp\/v2\/media\/6651"}],"wp:attachment":[{"href":"https:\/\/bemiva.it\/collections\/wp-json\/wp\/v2\/media?parent=1712"}],"wp:term":[{"taxonomy":"product_brand","embeddable":true,"href":"https:\/\/bemiva.it\/collections\/wp-json\/wp\/v2\/product_brand?post=1712"},{"taxonomy":"product_cat","embeddable":true,"href":"https:\/\/bemiva.it\/collections\/wp-json\/wp\/v2\/product_cat?post=1712"},{"taxonomy":"product_tag","embeddable":true,"href":"https:\/\/bemiva.it\/collections\/wp-json\/wp\/v2\/product_tag?post=1712"}],"curies":[{"name":"wp","href":"https:\/\/api.w.org\/{rel}","templated":true}]}}